erivative of -s**5/60 + 43*s**4/24 + 31*s**3/2 + 3*s**2 - 19*s. Let x be y(37). Calculate the greatest common factor of 35 and x.
35
Suppose -7097 = -85*n + 84*n + y, 2*y + 28384 = 4*n. Calculate the highest common factor of 22 and n.
11
Let a be (4/8 - (-6 - -8))/(105/(-138460)). Calculate the highest common divisor of a and 129.
43
Let f(a) = a**3 - 4*a**2 - 6*a + 5. Let o be f(5). Suppose o = -m - 2*d + 272, 8*m = 7*m + d + 284. What is the greatest common divisor of 7 and m?
7
Let y be (-1331280)/(-320) - (-15)/20. What is the highest common divisor of y and 57?
57
Suppose 15*a - 4197 - 2013 = 2745. What is the greatest common divisor of a and 9?
3
Let i = 71 + -17. Calculate the highest common factor of 900 and i.
18
Let t be ((-1)/(-3))/(20 + (-2158)/108). Let h be (-1258)/(-10) + 2/10. What is the highest common divisor of t and h?
18
Let r(c) = 7*c**2 + 5*c - 8. Let x be r(2). Let j be (-12)/x + (-210)/(-25). What is the highest common divisor of j and 18?
2
Let u be ((-1)/(-2))/((-3)/2) + 136468/3756. What is the greatest common divisor of u and 2028?
12
Let u be -40*((-50)/8 + 6). Suppose -2*q - 10 = -0*q. Let t = 20 + q. What is the greatest common factor of u and t?
5
Let s = -344 - -344. Suppose 2*b + 3*t - 393 = s, -5*b + 991 = -0*b - t. Calculate the highest common factor of b and 66.
66
Suppose 11*q = 6*q + 17*k + 4240, 0 = -5*q + k + 4320. What is the highest common factor of 100 and q?
5
Let r(q) = 3*q**2 + q + 1. Let m be r(4). Let w = 2230 + -2024. Suppose -m = g - w. What is the greatest common divisor of g and 51?
51
Let j = -26 + 104. Suppose 486*d - 345*d = 3666. What is the highest common factor of d and j?
26
Suppose -3*q + 40 = 5*q. Let v be (-2 + q)/(3/6). Let a(s) = s**2 + s + 3. Let p be a(v). What is the greatest common divisor of p and 9?
9
Let h = -131 + -171. Let t = 340 + h. Calculate the highest common divisor of 342 and t.
38
Suppose -423 = 23*v - 164*v. Let j(b) = -b**2 - 9*b + 12. Let o be j(-10). Let u = o + 13. Calculate the highest common divisor of u and v.
3
Let t = 7348 - 6277. What is the highest common divisor of t and 119?
119
Let j = 223 - 199. Suppose -3*h + 3 = -r, 0 = 2*r + 2*h - 10 - j. What is the highest common factor of r and 492?
12
Let z(u) = -u**3 + 20*u**2 + 2*u - 23. Let h be z(20). Suppose -h*l = -21*l + 4. Let c be (l - 0)*(-595)/(-7). Calculate the highest common divisor of 17 and c.
17
Suppose -t + 4*y = -12246, -9*y + 5*y = -6*t + 73476. What is the greatest common factor of 26 and t?
26
Suppose 175*p + 2266 = 8041. What is the highest common divisor of p and 1067?
11
Let d = 96 + 1632. Suppose 2*r + 3*h = 1152, -8*r - d = -11*r + 3*h. Calculate the greatest common divisor of 36 and r.
36
Let v = -9634 + 9662. What is the highest common divisor of v and 544?
4
Let l be 2/(-7) + 5487/21. Let h = -143808 + 143866. What is the greatest common divisor of h and l?
29
Let y be (-1)/(((-1)/70)/((-6)/(-15))). What is the greatest common factor of y and 2492?
28
Let g be (-8)/(-7) + -2 + (96/112 - -25). What is the greatest common factor of 85 and g?
5
Suppose -241*u = -264*u + 20493. What is the greatest common factor of 108 and u?
27
Suppose -2390 = -5*k - 5*o, 3*k - 96 = o + 1358. What is the highest common factor of k and 322?
161
Let y be -65*(5/1 + -8). What is the greatest common divisor of 26 and y?
13
Let j(n) = n**2 + 193*n + 6994. Let d be j(-145). Let g be (-2756)/(-9) - (-10)/(-45). What is the highest common factor of g and d?
34
Let t = 210 + -209. Suppose 171 = -19*s + 28*s. What is the highest common divisor of s and t?
1
Let v be (10/35)/(1/49). Suppose 5*a + 2*j = 25 + 17, -j = -a + v. Let c(o) = 11*o - 6. Let u be c(a). Calculate the highest common divisor of u and 26.
26
Let m(x) = 104*x**2 - x - 1. Let l be m(-1). Let w(r) = 14*r**2 + 127*r + 22. Let y be w(-9). Calculate the highest common divisor of y and l.
13
Let u be -2 - (685705/87)/(3/(-9) + 0). Calculate the highest common factor of u and 213.
213
Let p = 3 - 3. Suppose 6*j + p*j - 108 = 0. Let l be 218/9 + 14/(-63). Calculate the highest common factor of j and l.
6
Suppose 34*v + 138 = 35*v. Calculate the greatest common factor of v and 736.
46
Suppose 0 = -2*k + 1 + 257. Suppose 128*u = k*u - 5. Suppose -u*s = -30 + 10. Calculate the greatest common divisor of 28 and s.
4
Let t(n) = 25*n**2 - 238*n + 903. Let d be t(4). Calculate the highest common factor of 3081 and d.
39
Suppose 0*n + 96 = 4*n. Let d = -214 - -514. What is the highest common divisor of d and n?
12
Let i = 1231 + -1381. Let b be i*11/(-11) + (-8 - -2). Suppose 3*w - 39 = 3*v, w - 3*v - v = 25. Calculate the highest common divisor of w and b.
9
Suppose -v = 0, 2*h - 21*v - 480 = -24*v. Calculate the greatest common factor of 330 and h.
30
Let x = -9430 + 9655. What is the highest common factor of x and 180?
45
Let z(k) = 522*k + 4014. Let m be z(49). Calculate the highest common divisor of 432 and m.
216
Let j be (9/2)/((-27)/36). Let v be (-2)/j + (535/3)/5. Suppose -5*t = -3*t - 12. What is the highest common factor of t and v?
6
Suppose -5*s - 8*j + 4*j = -378, 5*s + 2*j - 384 = 0. Let g be 72/39 - 4/s*-3. Calculate the greatest common factor of g and 1.
1
Suppose -2652 = 72*t - 140*t. Calculate the greatest common divisor of 1027 and t.
13
Suppose 557 = -3*o + 2546. Let g(m) = -126*m - 18609. Let u be g(-148). Calculate the greatest common divisor of u and o.
39
Suppose 5*d - 2480 = -5*p, 2844*p - 4*d - 2480 = 2839*p. What is the highest common factor of p and 434?
62
Let g = 23012 + -15455. Calculate the greatest common factor of 22 and g.
11
Let y(n) = n**2 + 3*n - 2. Let z be y(-4). Suppose -2*f + 36 = z. Suppose -66 - 189 = -15*r. Calculate the greatest common divisor of r and f.
17
Suppose 81*g = 77*g + 880. What is the highest common divisor of 1020 and g?
20
Suppose 7158 = 5*p + 4*l - 4420, 5*p + 5*l = 11580. Calculate the highest common factor of 5696 and p.
178
Let i(z) = -z. Let p be i(-3). Suppose -99*c + 12342 + 12657 = 542*c. What is the highest common divisor of p and c?
3
Let c be 15/20*(-35460)/(-27). Let w = c - 535. What is the highest common factor of w and 180?
90
Suppose 0 = -6*v + 4*v + 12. Let j be ((-45)/(-10) - 4)*v/1. Suppose 4*u - 27 = -z, -j + 12 = 2*u - z. Calculate the greatest common divisor of u and 24.
6
Suppose -36 = -3*f - f. Suppose 0 = 11*m - f*m - 164. Calculate the greatest common factor of m and 205.
41
Let g be -12 + 2 - ((-6990)/5 - -2). What is the greatest common factor of g and 264?
66
Let x be 19770/150 - (-5)/25. Calculate the greatest common divisor of x and 564.
12
Let b(i) = 38*i + 6. Let v be b(6). Let z be (-7*(-15 - 15066/(-630)))/((-2)/5). What is the greatest common divisor of z and v?
78
Let i be (0 - (-6700)/(-8))*(49 + -55). Calculate the greatest common factor of i and 300.
75
Let z(c) = 33*c + 237. Let s(l) = -26*l + 229. Let y be s(8). Let g be z(y). Calculate the greatest common divisor of g and 30.
30
Let m be 3*3 - (-197 + -3733). Calculate the highest common divisor of m and 78.
39
Let j be (3/(-4))/((-15)/160*2). Let b(w) = 11*w**2 + 4*w - 8. Let f be b(j). Calculate the highest common factor of 23 and f.
23
Let z(g) = 15*g - 26. Let a be 18/(-3) - (2 + -14). Let h be z(a). Calculate the greatest common factor of 96 and h.
32
Suppose -3*t - 94678 + 10823 = -5*y, 3*y + 2*t - 50313 = 0. What is the greatest common factor of y and 62?
31
Let v = -17 - -10. Let p(l) = -13*l + 50. Let h(y) = -15*y + 54. Let i(s) = -6*h(s) + 7*p(s). Let g be i(v). Calculate the greatest common factor of g and 3.
3
Let c(i) = 170*i**2 - 1. Let z be c(-1). Let y(m) = -m**2 - 16*m + 30. Let r = 147 - 164. Let v be y(r). Calculate the highest common divisor of z and v.
13
Suppose 54978 = 25*x - 88397. Calculate the highest common divisor of x and 155.
155
Let h = 7 + -3. Let d(p) = -p**2 + 6*p + 5. Let n be d(6). Suppose 226 = 5*i - 0*i + h*s, 4*i - n*s = 148. Calculate the greatest common divisor of i and 105.
21
Suppose 0 = -6*v - 45 + 66 + 51. Calculate the greatest common factor of 29 and v.
1
Suppose 35 = 2*i - 2*x - 43, 4*i - 111 = -5*x. Let g = i + 21. Let z be 635/55 + 36/(-66). Calculate the highest common divisor of z and g.
11
Suppose 2*g - 67 = -3*f + 101, 10*f = g - 130. Let d = 